{"id":606,"date":"2024-11-04T15:10:23","date_gmt":"2024-11-04T15:10:23","guid":{"rendered":"https:\/\/boccacatering.nl\/?page_id=606"},"modified":"2024-11-04T15:11:46","modified_gmt":"2024-11-04T15:11:46","slug":"privacybeleid","status":"publish","type":"page","link":"https:\/\/boccacatering.nl\/?page_id=606","title":{"rendered":"Privacybeleid"},"content":{"rendered":"<p><strong>Privacybeleid<\/strong><\/p>\n<p>Bocca catering respecteert de privacy van de bezoekers en klanten op haar website, met name de rechten m.b.t. persoonsgegevens en manier waarop deze verwerkt worden. Vanwege de wens om transparant te zijn met onze klanten heeft beheerder een beleid opgesteld en ge\u00efmplementeerd m.b.t de verwerking van de gegevens, het doel van het opslaan ervan en het waarborgen van de rechten van de betrokkenen.<\/p>\n<p>Voor alle aanvullende informatie over bescherming van persoonsgegevens kunt u meer informatie vinden op https:\/\/autoriteitpersoonsgegevens.nl\/nl. Dit is de website van de autoriteit persoonsgegevens.<\/p>\n<p>Deze privacy verklaring is de enige versie die van toepassing is, zolang u de website bezoekt, totdat we deze vervangen voor een nieuwere versie.<\/p>\n<p><strong>1. Partijen<\/strong><br \/>\na) Website van boccacatering.nl, hierna te noemen \u201cwebsite\u201d<\/p>\n<p>b) Verantwoordelijke voor de verwerking van de persoonsgegevens; Bocca catering, gevestigd te Nijmegen, hierna te noemen beheerder;<\/p>\n<p><strong>2. Content van de website<\/strong><br \/>\nDe content van de website, zoals de afbeeldingen, teksten, video\u2019s enz, alsmede de technische elementen en applicaties die gebruikt worden om de website goed te laten functioneren en meer in algemene zin, alle onderdelen die op de website gebruikt worden, zijn beschermd bij de wet door intellectuele eigendomsrechten.<\/p>\n<p>Reproducties, herhalingen, gebruik of aanpassingen, op welke wijze dan ook, in totaal of gedeeltelijk, met inbegrip van de technische applicaties, zonder vooraf expliciet schriftelijke toestemming van de beheerder, is ten strengste verboden. Ook indien, de beheerder niet direct actie onderneemt tegen een inbreuk, kan dit niet worden opgevat als stilzwijgende toestemming\/ afzien van rechtsvervolging.<\/p>\n<p><strong>3. Websitebeheer<\/strong><br \/>\nOm de website goed te kunnen beheren, kan de beheerder ieder moment;<\/p>\n<p>\u2022 Bepaalde onderdelen van de website of de hele website voor bepaalde personen\/groepen\/bezoekers schorsen, onderbreken of beperken.<\/p>\n<p>\u2022 Informatie\/data verwijderen, die het functioneren van de website verstoort of in strijd zijn met wetgeving of in strijd is met internet- etiquette.<\/p>\n<p>\u2022 De website tijdelijke de-activeren, om updates door te voeren.<\/p>\n<p><strong>4. Verantwoordelijkheden<\/strong><br \/>\nDe beheerder is in geen geval juridisch verantwoordelijk voor falen, storingen, haperingen oftewel het functioneren van de website, waardoor bepaalde functionaliteiten of de website in zijn geheel niet of niet goed functioneren.<\/p>\n<p>U bent zelf verantwoordelijk voor de manier waarop u toegang verkrijgt tot het internet, via welke apparatuur, alsmede de beveiligingsmaatregelen die u genomen heeft.<\/p>\n<p>U moet zelf voldoende maatregelen treffen, om beschermd te zijn tegen (internet)visrussen. U bent bovendien zelf verantwoordelijk voor de websites en gegevens die u op internet raadpleegt.<\/p>\n<p>De beheerder is in geen geval aansprakelijk voor juridische procedures die bezoekers tegen u voeren;<br \/>\n\u2022 Wegens het gebruik van de website of diensten die online worden aangeboden.<br \/>\n\u2022 Wegens het schenden van de voorwaarden van deze privacy policy.<\/p>\n<p>De beheerder is eveneens niet verantwoordelijk voor de opgelopen schade, die u of derden oplopen of schade aan apparatuur die u of derden oplopen, als gevolg van de verbinding met of het gebruik van de website.<\/p>\n<p>U zult zich onthouden van iedere actie tegen de beheerder als gevolg hiervan. Als de beheerder alsnog betrokken raakt bij een geschil als gevolg van uw gebruik van deze website, dan is hij gerechtigd alle schade die hieruit voortvloeit bij u te verhalen.<\/p>\n<p><strong>5. Gegevens verzamelen<\/strong><br \/>\nUw gegevens worden verzameld door beheerder en haar verwerkers. Persoonsgegevens zijn alle gegevens die verbonden zijn aan een identificeerbaar natuurlijk persoon. Een persoon kan worden ge\u00efdentificeerd door een identificator, zoals een naam, identificatienummer, locatiegegevens, een online identificator of \u00e9\u00e9n of meerdere elementen die kenmerkend zijn voor de fysieke, fysiologische, genetische, psychische, economisch, culturele of sociale identiteit.<\/p>\n<p>De persoonsgegevens die op de website worden verzameld worden hoofdzakelijk gebruikt door de beheerder voor het commercieel onderhouden van de relatie met u en voor het eventueel verwerken van bestellingen en of andere transacties die door de applicatie gedaan worden.<\/p>\n<p>Indien u zelf persoonsgegevens tegenkomt op de website, dient u zich te onthouden van het verzamelen ervan.<\/p>\n<p><strong>6. Rechten met betrekking tot uw gegevens<\/strong><br \/>\nVolgens artikel 13 lid 2 sub b AVG heeft iedereen het recht tot inzage, rectificatie of het verwijderen van zijn of haar persoonsgegevens of beperking in de verwerking ervan.Daarnaast heeft iedereen recht op tegen de verwerking bezwaar te maken en het recht op gegevensoverdraagbaarheid. U kunt zo\u2019n recht uitoefenen door contact met ons op te nemen via e-mail, telefoon of brief.<\/p>\n<p>Bij ieder verzoek dient u een kopie mee te sturen van een geldig identiteitsbewijs (van u), waarop u uw handtekening heeft gezet en onder vermelding van het adres waarop er met u contact kan worden opgenomen.<\/p>\n<p>Binnen 1 maand na ontvangst van zo\u2019n dergelijk verzoek, krijgt u antwoord op uw verzoek. Afhankelijk van de complexiteit van de verzoeken en het aantal verzoeken, kan deze termijn met 2 maanden worden verlengd.<\/p>\n<p><strong>7. Verwerking van persoonsgegevens<\/strong><br \/>\nIn geval van het schenden van wet- of regelgeving, waarvan een bezoeker wordt verdacht en waarvoor de autoriteiten persoonsgegevens nodig hebben die de beheerder heeft verzameld, worden deze, na een goede onderbouwing, overgedragen aan de autoriteiten. Hierna vallen deze gegevens niet meer onder de bescherming van de bepalingen van deze privacyverklaring.<\/p>\n<p><strong>8. Commerci\u00eble aanbieding<\/strong><br \/>\nDe beheerder kan haar klanten commerci\u00eble aanbiedingen sturen, middels een e-mailing. Indien u deze niet meer wenst te ontvangen kunt u zich te allen tijde uitschrijven middels de uitschrijf-link, die vermeld staat onder iedere commerci\u00eble e-mailing. Mocht u hier problemen mee ondervinden c.q. lukt dit niet, dan kunt u uiteraard altijd ook contact opnemen met beheerder, om dit verzoek op een andere manier in te dienen.<\/p>\n<p><strong>9. Bewaartermijn gegevens<\/strong><br \/>\nDe gegevens worden bewaard en gebruikt door de beheerder voor de duur zoals deze bij wet is bepaald. Per formulier wordt er in deze privacyverklaring een gedetailleerdere uitleg gegeven.<\/p>\n<p><strong>10. Cookiebeleid<\/strong><br \/>\nDe beheerder werkt met cookies om de website goed te kunnen laten functioneren, alsmede om het gedrag van bezoekers in het algemeen te analyseren ten einde om u een betere service te kunnen geven. U kunt meer informatie vinden over ons cookiegebruik op onze Cookie pagina.<\/p>\n<p><strong>11. Beeldmateriaal en aangeboden producten<\/strong><br \/>\nAan het beeldmateriaal, behorend bij aanbieding, producten of aangeboden diensten kan geen recht worden ontleend.<\/p>\n<p><strong>12. Toepasselijk recht<\/strong><br \/>\nOp deze voorwaarden is het Nederlands recht van toepassing. De rechtbank van de vestigingsplaats van de beheerder is exclusief bevoegd bij eventuele geschillen omtrent deze voorwaarden.<\/p>\n<p><strong>Formulier: Contact<\/strong><br \/>\nGegevens | Bij het versturen van ons contactformulier, verzamelen we de volgende gegevens:<\/p>\n<p>&#8211; Naam<br \/>\n&#8211; E-mailadres<br \/>\n&#8211; Telefoonnummer<br \/>\n&#8211; Vraag\/opmerking<\/p>\n<p>Doel | We verwerken uw gegevens om uw vraag of opmerkingen te kunnen verwerken en eventueel contact op te nemen.<\/p>\n<p>Analyse | We kunnen uw gegevens gebruiken voor onze eigen interne analyses, ons marketing beleid en verbeteringen aan de website, zodat we u beter van dienst kunnen zijn.<\/p>\n<p>Formulier: Heeft u een vraag?<br \/>\nGegevens | Bij het versturen van ons contactformulier, verzamelen we de volgende gegevens:<\/p>\n<p>&#8211; Naam<br \/>\n&#8211; E-mailadres<br \/>\n&#8211; Vraag\/opmerking<\/p>\n<p>Doel | We verwerken uw gegevens om uw vraag of opmerkingen te kunnen verwerken en eventueel contact op te nemen.<\/p>\n<p>Analyse | We kunnen uw gegevens gebruiken voor onze eigen interne analyses, ons marketing beleid en verbeteringen aan de website, zodat we u beter van dienst kunnen zijn.<\/p>\n","protected":false},"excerpt":{"rendered":"<p>Privacybeleid Bocca catering respecteert de privacy van de bezoekers en klanten op haar website, met name de rechten m.b.t. persoonsgegevens en manier waarop deze verwerkt worden. Vanwege de wens om transparant te zijn met onze klanten heeft beheerder een beleid opgesteld en ge\u00efmplementeerd m.b.t de verwerking van de gegevens, het doel van het opslaan ervan&hellip;<\/p>\n","protected":false},"author":1,"featured_media":0,"parent":0,"menu_order":0,"comment_status":"closed","ping_status":"closed","template":"","meta":{"footnotes":""},"class_list":["post-606","page","type-page","status-publish","hentry"],"acf":[],"yoast_head":"<!-- This site is optimized with the Yoast SEO plugin v27.3 - https:\/\/yoast.com\/product\/yoast-seo-wordpress\/ -->\n<title>Privacybeleid - Bocca Catering Nijmegen<\/title>\n<meta name=\"robots\" content=\"index, follow, max-snippet:-1, max-image-preview:large, max-video-preview:-1\" \/>\n<link rel=\"canonical\" href=\"https:\/\/boccacatering.nl\/?page_id=606\" \/>\n<meta property=\"og:locale\" content=\"nl_NL\" \/>\n<meta property=\"og:type\" content=\"article\" \/>\n<meta property=\"og:title\" content=\"Privacybeleid - Bocca Catering Nijmegen\" \/>\n<meta property=\"og:description\" content=\"Privacybeleid Bocca catering respecteert de privacy van de bezoekers en klanten op haar website, met name de rechten m.b.t. persoonsgegevens en manier waarop deze verwerkt worden. Vanwege de wens om transparant te zijn met onze klanten heeft beheerder een beleid opgesteld en ge\u00efmplementeerd m.b.t de verwerking van de gegevens, het doel van het opslaan ervan&hellip;\" \/>\n<meta property=\"og:url\" content=\"https:\/\/boccacatering.nl\/?page_id=606\" \/>\n<meta property=\"og:site_name\" content=\"Bocca Catering Nijmegen\" \/>\n<meta property=\"article:modified_time\" content=\"2024-11-04T15:11:46+00:00\" \/>\n<meta name=\"twitter:card\" content=\"summary_large_image\" \/>\n<meta name=\"twitter:label1\" content=\"Geschatte leestijd\" \/>\n\t<meta name=\"twitter:data1\" content=\"6 minuten\" \/>\n<script type=\"application\/ld+json\" class=\"yoast-schema-graph\">{\"@context\":\"https:\\\/\\\/schema.org\",\"@graph\":[{\"@type\":\"WebPage\",\"@id\":\"https:\\\/\\\/boccacatering.nl\\\/?page_id=606\",\"url\":\"https:\\\/\\\/boccacatering.nl\\\/?page_id=606\",\"name\":\"Privacybeleid - Bocca Catering Nijmegen\",\"isPartOf\":{\"@id\":\"https:\\\/\\\/boccacatering.nl\\\/#website\"},\"datePublished\":\"2024-11-04T15:10:23+00:00\",\"dateModified\":\"2024-11-04T15:11:46+00:00\",\"breadcrumb\":{\"@id\":\"https:\\\/\\\/boccacatering.nl\\\/?page_id=606#breadcrumb\"},\"inLanguage\":\"nl-NL\",\"potentialAction\":[{\"@type\":\"ReadAction\",\"target\":[\"https:\\\/\\\/boccacatering.nl\\\/?page_id=606\"]}]},{\"@type\":\"BreadcrumbList\",\"@id\":\"https:\\\/\\\/boccacatering.nl\\\/?page_id=606#breadcrumb\",\"itemListElement\":[{\"@type\":\"ListItem\",\"position\":1,\"name\":\"Home\",\"item\":\"https:\\\/\\\/boccacatering.nl\\\/\"},{\"@type\":\"ListItem\",\"position\":2,\"name\":\"Privacybeleid\"}]},{\"@type\":\"WebSite\",\"@id\":\"https:\\\/\\\/boccacatering.nl\\\/#website\",\"url\":\"https:\\\/\\\/boccacatering.nl\\\/\",\"name\":\"Bocca Catering Nijmegen\",\"description\":\"Thuiskok en Eventcatering door Fabio van de Schoor\",\"publisher\":{\"@id\":\"https:\\\/\\\/boccacatering.nl\\\/#organization\"},\"potentialAction\":[{\"@type\":\"SearchAction\",\"target\":{\"@type\":\"EntryPoint\",\"urlTemplate\":\"https:\\\/\\\/boccacatering.nl\\\/?s={search_term_string}\"},\"query-input\":{\"@type\":\"PropertyValueSpecification\",\"valueRequired\":true,\"valueName\":\"search_term_string\"}}],\"inLanguage\":\"nl-NL\"},{\"@type\":\"Organization\",\"@id\":\"https:\\\/\\\/boccacatering.nl\\\/#organization\",\"name\":\"Bocca Catering\",\"url\":\"https:\\\/\\\/boccacatering.nl\\\/\",\"logo\":{\"@type\":\"ImageObject\",\"inLanguage\":\"nl-NL\",\"@id\":\"https:\\\/\\\/boccacatering.nl\\\/#\\\/schema\\\/logo\\\/image\\\/\",\"url\":\"https:\\\/\\\/boccacatering.nl\\\/wp-content\\\/uploads\\\/2020\\\/05\\\/Bocca.jpg\",\"contentUrl\":\"https:\\\/\\\/boccacatering.nl\\\/wp-content\\\/uploads\\\/2020\\\/05\\\/Bocca.jpg\",\"width\":1182,\"height\":567,\"caption\":\"Bocca Catering\"},\"image\":{\"@id\":\"https:\\\/\\\/boccacatering.nl\\\/#\\\/schema\\\/logo\\\/image\\\/\"},\"sameAs\":[\"https:\\\/\\\/www.instagram.com\\\/bocca.catering\\\/\"]}]}<\/script>\n<!-- \/ Yoast SEO plugin. -->","yoast_head_json":{"title":"Privacybeleid - Bocca Catering Nijmegen","robots":{"index":"index","follow":"follow","max-snippet":"max-snippet:-1","max-image-preview":"max-image-preview:large","max-video-preview":"max-video-preview:-1"},"canonical":"https:\/\/boccacatering.nl\/?page_id=606","og_locale":"nl_NL","og_type":"article","og_title":"Privacybeleid - Bocca Catering Nijmegen","og_description":"Privacybeleid Bocca catering respecteert de privacy van de bezoekers en klanten op haar website, met name de rechten m.b.t. persoonsgegevens en manier waarop deze verwerkt worden. Vanwege de wens om transparant te zijn met onze klanten heeft beheerder een beleid opgesteld en ge\u00efmplementeerd m.b.t de verwerking van de gegevens, het doel van het opslaan ervan&hellip;","og_url":"https:\/\/boccacatering.nl\/?page_id=606","og_site_name":"Bocca Catering Nijmegen","article_modified_time":"2024-11-04T15:11:46+00:00","twitter_card":"summary_large_image","twitter_misc":{"Geschatte leestijd":"6 minuten"},"schema":{"@context":"https:\/\/schema.org","@graph":[{"@type":"WebPage","@id":"https:\/\/boccacatering.nl\/?page_id=606","url":"https:\/\/boccacatering.nl\/?page_id=606","name":"Privacybeleid - Bocca Catering Nijmegen","isPartOf":{"@id":"https:\/\/boccacatering.nl\/#website"},"datePublished":"2024-11-04T15:10:23+00:00","dateModified":"2024-11-04T15:11:46+00:00","breadcrumb":{"@id":"https:\/\/boccacatering.nl\/?page_id=606#breadcrumb"},"inLanguage":"nl-NL","potentialAction":[{"@type":"ReadAction","target":["https:\/\/boccacatering.nl\/?page_id=606"]}]},{"@type":"BreadcrumbList","@id":"https:\/\/boccacatering.nl\/?page_id=606#breadcrumb","itemListElement":[{"@type":"ListItem","position":1,"name":"Home","item":"https:\/\/boccacatering.nl\/"},{"@type":"ListItem","position":2,"name":"Privacybeleid"}]},{"@type":"WebSite","@id":"https:\/\/boccacatering.nl\/#website","url":"https:\/\/boccacatering.nl\/","name":"Bocca Catering Nijmegen","description":"Thuiskok en Eventcatering door Fabio van de Schoor","publisher":{"@id":"https:\/\/boccacatering.nl\/#organization"},"potentialAction":[{"@type":"SearchAction","target":{"@type":"EntryPoint","urlTemplate":"https:\/\/boccacatering.nl\/?s={search_term_string}"},"query-input":{"@type":"PropertyValueSpecification","valueRequired":true,"valueName":"search_term_string"}}],"inLanguage":"nl-NL"},{"@type":"Organization","@id":"https:\/\/boccacatering.nl\/#organization","name":"Bocca Catering","url":"https:\/\/boccacatering.nl\/","logo":{"@type":"ImageObject","inLanguage":"nl-NL","@id":"https:\/\/boccacatering.nl\/#\/schema\/logo\/image\/","url":"https:\/\/boccacatering.nl\/wp-content\/uploads\/2020\/05\/Bocca.jpg","contentUrl":"https:\/\/boccacatering.nl\/wp-content\/uploads\/2020\/05\/Bocca.jpg","width":1182,"height":567,"caption":"Bocca Catering"},"image":{"@id":"https:\/\/boccacatering.nl\/#\/schema\/logo\/image\/"},"sameAs":["https:\/\/www.instagram.com\/bocca.catering\/"]}]}},"_links":{"self":[{"href":"https:\/\/boccacatering.nl\/index.php?rest_route=\/wp\/v2\/pages\/606","targetHints":{"allow":["GET"]}}],"collection":[{"href":"https:\/\/boccacatering.nl\/index.php?rest_route=\/wp\/v2\/pages"}],"about":[{"href":"https:\/\/boccacatering.nl\/index.php?rest_route=\/wp\/v2\/types\/page"}],"author":[{"embeddable":true,"href":"https:\/\/boccacatering.nl\/index.php?rest_route=\/wp\/v2\/users\/1"}],"replies":[{"embeddable":true,"href":"https:\/\/boccacatering.nl\/index.php?rest_route=%2Fwp%2Fv2%2Fcomments&post=606"}],"version-history":[{"count":2,"href":"https:\/\/boccacatering.nl\/index.php?rest_route=\/wp\/v2\/pages\/606\/revisions"}],"predecessor-version":[{"id":608,"href":"https:\/\/boccacatering.nl\/index.php?rest_route=\/wp\/v2\/pages\/606\/revisions\/608"}],"wp:attachment":[{"href":"https:\/\/boccacatering.nl\/index.php?rest_route=%2Fwp%2Fv2%2Fmedia&parent=606"}],"curies":[{"name":"wp","href":"https:\/\/api.w.org\/{rel}","templated":true}]}}